4*n - 10. Let b be -6*(-3)/g + -1. Suppose b*z - 40 = -0*z. What is the units digit of z?
0
Let y(t) = -10*t**3 + t**2 + 2*t + 5. Suppose -6*f - 22 = 2. Let l(x) = 1. Let p(o) = f*l(o) + y(o). What is the units digit of p(-1)?
0
Let j(y) = 2*y**2 - 4*y + 2. Let x be j(-4). Suppose -962 = -4*q + x. What is the units digit of q?
3
Let h = 39 + -1. Let n(x) = x**3 + 15*x**2 + 15*x + 18. Let y be n(-14). Suppose 2*a + h = y*a. What is the units digit of a?
9
Let h(t) = -t**3 - 9*t**2 + 9*t - 7. Let v be h(-10). Suppose s = v - 1. Suppose -s*b = -0*b - 22. What is the units digit of b?
1
What is the tens digit of (-70)/(-140) + (-2 - 2386/(-4))?
9
What is the tens digit of ((-4364)/8 + -1)/((-6)/24)?
8
Suppose -g - 2*v = -3*v - 1697, 2*g = -4*v + 3376. What is the units digit of g?
4
Let d(h) = h**2 - 5*h + 5. Suppose 0 = c - 0*c + 5*s - 4, 0 = -5*c - 3*s + 20. Let u be d(c). Suppose -2*t = -t - u. What is the units digit of t?
1
What is the hundreds digit of 15340/13 - (-2 - -3)?
1
Suppose -2*k - 3*a + 416 = 0, 3*a + 199 = -k + 2*k. Let h = 24 + -20. Suppose 9*c = h*c + k. What is the tens digit of c?
4
Let z = 570 - -590. Suppose 0 = 14*x - 4*x - z. What is the units digit of x?
6
Suppose 4*b - 3*b - 6 = 0. What is the tens digit of 75/((-2)/((-8)/b))?
5
Suppose 0*b - 9*b + 1287 = 0. Suppose 5*w - 247 = b. What is the units digit of w?
8
What is the units digit of (-630 - (-3 + -1))*(-1)/2?
3
Suppose 2*d - d = 0. Suppose d = -w - 4*u - 12, -4*w = 4*u. Suppose z - 4*x - 13 = 0, 0 = -4*z - w*x + 25 + 47. What is the tens digit of z?
1
Let c(l) = 28*l**3 - 2*l**2 + 20*l - 1. What is the units digit of c(4)?
9
Suppose 5*o - 8 = 27. Suppose 1 = -3*x + o. Suppose -p + 2*m + 17 = 0, x*p + 3*p - m = 112. What is the tens digit of p?
2
Suppose -2*h - 1 = -5. Let m(w) = 4*w**3 - 3*w**2 + 4*w - 2. Let s be m(h). Suppose -5*j - s = -151. What is the units digit of j?
5
Let u(s) = -s**2 + 15*s + 26. Let v be u(16). Let c = -8 + 12. Suppose -3*l - v = -c*k - 4*l, 3*k - 4*l + 2 = 0. What is the units digit of k?
2
Let u be -1 + (0 - 1) - 12. Let m = u + 19. Suppose 2*j - 28 = 2*b, 2*j - 66 = -m*b - 10. What is the units digit of j?
8
Let s(j) be the first derivative of 5*j - 7 - 13/2*j**2 + 3*j**3 - 1/4*j**4. What is the units digit of s(7)?
2
Let x(c) = -41*c - 648. What is the thousands digit of x(-57)?
1
Let x = -682 - -1196. What is the hundreds digit of x?
5
Let l(w) be the second derivative of -w**4/12 + w**3 - 7*w**2/2 + 7*w. Let g be l(3). Let b(k) = 9*k**3 - k**2 + 3. What is the units digit of b(g)?
1
Let g = -3138 + 4650. Suppose -g = -12*x + 5*x. What is the tens digit of x?
1
Suppose -4*a + 11 = -5*c, 4*c - 4*a + 3*a = 0. Let q(u) = 34*u**3 - 5*u**2 + u**2 + 2*u + u**2. What is the tens digit of q(c)?
3
Suppose 41*a = 37*a - 112. What is the tens digit of (-1688)/a + (-6)/21?
6
Let h = 19 + -14. Suppose 0*k - h*k = -135. Suppose -2*d + k = -0*d - m, 3 = m. What is the units digit of d?
5
Suppose 854*l = 852*l + 2250. What is the tens digit of l?
2
Let o be 11/7 - (-72)/168. Suppose -m + 5*u = -45, -54 = -3*m - o*u + 30. What is the tens digit of m?
3
Let q = -1260 - -2588. What is the units digit of q?
8
Let h = -13 + 23. Let g(y) = y**2 - 9*y. Let c be g(h). Suppose -c*v + 28 = -9*v. What is the units digit of v?
8
Suppose 0 = -0*j + 4*j - 2*x + 78, 3*x - 98 = 5*j. Let r = j + 19. Suppose 0*c - 2*o = -4*c + 88, 2*c - 3*o - 52 = r. What is the units digit of c?
0
Suppose -66 - 76 = -f. Let n = f - 66. What is the units digit of n?
6
Suppose 7*k = 74 + 3566. What is the hundreds digit of k?
5
Let l(r) = 44*r + 79. What is the tens digit of l(6)?
4
Let w be (-10)/45 + 141/27. Suppose 2*n + 133 = w*x + 10, 0 = 2*x + 5*n - 26. What is the units digit of x?
3
Let u = 19 + -17. Suppose u*d - d = 2*b + 252, 0 = 2*d - b - 519. What is the hundreds digit of d?
2
Suppose 4*r = -4*d + 10248, 2559 = r + 2*d - 4*d. What is the units digit of r?
1
Let n be (-22)/33 + 61*(-4)/(-6). Let r = n + -38. What is the units digit of r?
2
Let j be 6/2 + (8 - 6). Suppose -h - 4*c = 2*h - 109, 0 = 5*h - j*c - 240. What is the units digit of h?
3
Suppose -5 - 19 = -2*u. Suppose -1332 = 3*p - u*p. What is the hundreds digit of p?
1
Let f(s) = -3*s**2 - 4*s + 3. Let a be f(-4). Let g = a - -98. Suppose -3*h - 2*d = -14 - g, -60 = -2*h + d. What is the units digit of h?
9
Suppose 5*c = 5*s + 3225, 3*s + 2*s = 20. What is the hundreds digit of c?
6
Suppose -10*v = -3*v - 4081. What is the hundreds digit of v?
5
Let p = 13 - 5. Suppose -4 = p*i - 4*i. What is the units digit of 15 + i/(-1 + 0)?
6
Suppose 4*h + 16 = 0, -2*o + 2*h - 22 = -0*o. What is the units digit of (o/(-5))/(6/44)?
2
Suppose -5*h + 1151 = 4*q, 2*q + 229 = h + 4*q. Let m = -155 + h. What is the tens digit of m?
7
Let s = -195 - -319. Suppose 6*j = 4*j + s. What is the units digit of j?
2
Let a(l) = -l**3 + 7*l**2 - 5*l - 3. Let u be a(6). Let w = u - 0. Suppose -w*q + x - 3*x + 73 = 0, 0 = -5*x + 10. What is the tens digit of q?
2
Suppose -11 + 3 = 8*b. Let f be ((-52)/65)/(b/5). Suppose c - 23 = -3*j, -58 = -f*c + 3*j + 2*j. What is the tens digit of c?
1
Let d = -42 + 48. Suppose 0 = d*f + 62 - 644. What is the units digit of f?
7
Let v(r) = -r**3 + 9*r**2 - 7*r - 5. Let t be v(8). Let b be -2*t*40/16. What is the units digit of (18/15)/(b/(-200))?
6
Let b(r) = r**3 + 33*r**2 + 30*r + 19. What is the tens digit of b(-22)?
8
Suppose -p = -4*p + 6. Suppose -5 - 1 = -p*t. Suppose -h - h = -5*i + 78, i + t*h - 2 = 0. What is the tens digit of i?
1
Suppose -3 = -3*h - 2*m - 27, 5*h + 62 = 4*m. Let c(d) = -2*d + 5. What is the tens digit of c(h)?
2
Let b(i) = 3*i**2 + 72*i - 82. What is the tens digit of b(-26)?
7
Suppose 0 = -5*s + 2*h + 2467 + 532, -2*s + 1193 = -3*h. Suppose -3*c + v = -4*c + 297, 5*v + s = 2*c. What is the tens digit of c?
9
Suppose 33444 = 69*a - 63018. What is the tens digit of a?
9
Suppose 5*c - 168 - 52 = 0. Suppose -9 + c = h. What is the tens digit of h?
3
Suppose 2*u + 1626 = 3*p - u, 2*u = 3*p - 1626. What is the hundreds digit of p?
5
Suppose -2*v = v + 3, 4*g - v = 169. Let i(u) = u + 13. Let o be i(12). Let k = g - o. What is the tens digit of k?
1
Let l(c) = c**3 + c**2 - 2. Let n be l(2). Suppose -516 - 144 = -n*f. What is the units digit of f?
6
Let f be ((-19)/(-38))/((-2)/(-8)). Suppose -v + f*j = -23 + 6, 115 = 5*v + 5*j. Suppose 6*l - 171 + v = 0. What is the tens digit of l?
2
Suppose -743 = -2*n - 3*v, -5*n - 983 + 2903 = -5*v. What is the units digit of n?
9
Let t(s) = -25*s**2 + 3*s - 6. Let j be t(2). Let o = j - -122. What is the units digit of o?
2
What is the units digit of (602/8 + 2)/(9/36)?
9
Let k(p) = 3*p**2 - p - 1. Let b be k(7). Suppose 30*s = 32*s - 6. Suppose -4*v - v - s*j + b = 0, j = 3. What is the units digit of v?
6
Let g = -1065 + 2136. What is the units digit of g?
1
Let u(d) = 49*d - 17. Let p(j) = -48*j + 16. Let t(k) = -6*p(k) - 7*u(k). What is the hundreds digit of t(-2)?
1
Let d(r) = 3*r**2 - 3*r + 5. Let w(h) = -5*h - 17. Let j(m) = -4*m - 17. Let f(z) = -6*j(z) + 5*w(z). Let y be f(13). What is the tens digit of d(y)?
4
Suppose -2*t - f - 13 = 20, f = 2*t + 43. Let g(v) = -v**2 - 23*v - 43. What is the tens digit of g(t)?
3
Suppose j - 166 = -4*x, x - 2*j = -2*x + 119. Suppose 49 + x = 2*f. What is the units digit of f?
5
Let v(c) = -c**3 - 6*c**2 - 7*c - 7. Let n be v(-5). Suppose 6*s = n*s + 189. What is the tens digit of s?
6
Let g(q) = 62*q**2 + 2*q - 10. Let t be g(-5). Suppose -5*p + t = 5*p. What is the units digit of p?
3
Let c be ((-42)/(-8))/((-28)/112). What is the units digit of 534/(-2)*7/c?
9
Let t be 22/(0 + 2/(-2)). Let b = t + 27. Let l(x) = -x**3 + 6*x**2 - 2*x + 6. What is the tens digit of l(b)?
2
Let z be 35/5 - 1*2. Suppose -186 = z*o - 546. Suppose 0*y - 4*y = -o. What is the tens digit of y?
1
Suppose c - 157 = 10*g - 15*g, 187 = c - g. What is the hundreds digit of c?
1
What is the hundreds digit of (-51 + 17)*434/(-4) + -2?
6
Let u(z) = z**2 - 3*z + 12. Let s be u(6). Let j = s - 2. What is the units digit of j?
8
Suppose 5*i - 685 = 150. Let m = 238 - i. What is the units digit of m?
1
Let t(y) be the third derivative of y**5/15 + y**4/24 - 2*y**3/3 + 3*y**2. What is the tens digit of t(-3)?
2
Let j = 336 + 252. S